6 is divided by 328.
326
What is the remainder when 466 is divided by 68?
58
What is the remainder when 195 is divided by 86?
23
What is the remainder when 614 is divided by 570?
44
What is the remainder when 542 is divided by 3?
2
Calculate the remainder when 28 is divided by 11.
6
Calculate the remainder when 256 is divided by 87.
82
Calculate the remainder when 2480 is divided by 17.
15
What is the remainder when 188 is divided by 38?
36
Calculate the remainder when 317 is divided by 83.
68
What is the remainder when 883 is divided by 42?
1
Calculate the remainder when 182 is divided by 47.
41
Calculate the remainder when 413 is divided by 13.
10
Calculate the remainder when 3728 is divided by 33.
32
What is the remainder when 47 is divided by 17?
13
Calculate the remainder when 39 is divided by 10.
9
What is the remainder when 654 is divided by 94?
90
Calculate the remainder when 69 is divided by 8.
5
Calculate the remainder when 701 is divided by 65.
51
Calculate the remainder when 184 is divided by 51.
31
What is the remainder when 453 is divided by 4?
1
What is the remainder when 737 is divided by 75?
62
What is the remainder when 1077 is divided by 22?
21
Calculate the remainder when 1560 is divided by 176.
152
What is the remainder when 686 is divided by 29?
19
Calculate the remainder when 1612 is divided by 147.
142
Calculate the remainder when 247 is divided by 20.
7
Calculate the remainder when 575 is divided by 24.
23
Calculate the remainder when 560 is divided by 557.
3
What is the remainder when 737 is divided by 12?
5
What is the remainder when 95 is divided by 19?
0
Calculate the remainder when 388 is divided by 23.
20
What is the remainder when 52 is divided by 36?
16
Calculate the remainder when 761 is divided by 25.
11
What is the remainder when 2039 is divided by 168?
23
Calculate the remainder when 741 is divided by 402.
339
Calculate the remainder when 203 is divided by 21.
14
Calculate the remainder when 1761 is divided by 681.
399
Calculate the remainder when 3891 is divided by 90.
21
Calculate the remainder when 39 is divided by 29.
10
Calculate the remainder when 162 is divided by 73.
16
Calculate the remainder when 316 is divided by 29.
26
What is the remainder when 4316 is divided by 48?
44
Calculate the remainder when 1393 is divided by 17.
16
Calculate the remainder when 2745 is divided by 12.
9
Calculate the remainder when 40576 is divided by 187.
184
What is the remainder when 125 is divided by 43?
39
Calculate the remainder when 4321 is divided by 3.
1
Calculate the remainder when 7175 is divided by 247.
12
What is the remainder when 714 is divided by 5?
4
What is the remainder when 907 is divided by 70?
67
What is the remainder when 478 is divided by 69?
64
Calculate the remainder when 73 is divided by 48.
25
What is the remainder when 278 is divided by 106?
66
What is the remainder when 65 is divided by 24?
17
What is the remainder when 873 is divided by 19?
18
What is the remainder when 62 is divided by 2?
0
What is the remainder when 157 is divided by 42?
31
What is the remainder when 249 is divided by 244?
5
Calculate the remainder when 251 is divided by 12.
11
Calculate the remainder when 504 is divided by 70.
14
Calculate the remainder when 1574 is divided by 17.
10
Calculate the remainder when 150 is divided by 22.
18
What is the remainder when 673 is divided by 113?
108
Calculate the remainder when 162 is divided by 24.
18
Calculate the remainder when 1799 is divided by 106.
103
Calculate the remainder when 3954 is divided by 88.
82
Calculate the remainder when 2703 is divided by 26.
25
What is the remainder when 136 is divided by 51?
34
Calculate the remainder when 1271 is divided by 99.
83
What is the remainder when 503 is divided by 169?
165
Calculate the remainder when 58 is divided by 3.
1
Calculate the remainder when 1332 is divided by 77.
23
Calculate the remainder when 293 is divided by 21.
20
What is the remainder when 183 is divided by 67?
49
Calculate the remainder when 152 is divided by 140.
12
What is the remainder when 2491 is divided by 14?
13
What is the remainder when 1205 is divided by 39?
35
What is the remainder when 338 is divided by 117?
104
Calculate the remainder when 535 is divided by 81.
49
What is the remainder when 4167 is divided by 50?
17
What is the remainder when 184 is divided by 80?
24
What is the remainder when 239 is divided by 19?
11
What is the remainder when 306 is divided by 106?
94
Calculate the remainder when 122 is divided by 63.
59
What is the remainder when 117 is divided by 21?
12
What is the remainder when 331 is divided by 79?
15
What is the remainder when 111 is divided by 4?
3
Calculate the remainder when 446 is divided by 16.
14
What is the remainder when 324 is divided by 110?
104
What is the remainder when 369 is divided by 45?
9
Calculate the remainder when 334 is divided by 24.
22
Calculate the remainder when 2150 is divided by 28.
22
Calculate the remainder when 756 is divided by 19.
15
What is the remainder when 947 is divided by 88?
67
What is the remainder when 27 is divided by 14?
13
Calculate the remainder when 513 is divided by 13.
6
What is the remainder when 822 is divided by 143?
107
Calculate the remainder when 1695 is divided by 192.
159
Calculate the remainder when 817 is divided by 2.
1
What is the remainder when 151 is divided by 47?
10
Calculate the remainder when 187 is divided by 27.
25
What is the remainder when 1131 is divided by 67?
59
Calculate the remainder when 218 is divided by 17.
14
What is the remainder when 875 is divided by 12?
11
What is the remainder when 1227 is divided by 29?
9
Calculate the remainder when 1138 is divided by 57.
55
What is the remainder when 73 is divided by 42?
31
Calculate the remainder when 460 is divided by 94.
84
What is the remainder when 668 is divided by 225?
218
Calculate the remainder when 107 is divided by 49.
9
Calculate the remainder when 292 is divided by 58.
2
Calculate the remainder when 97 is divided by 23.
5
What is the remainder when 158 is divided by 80?
78
Calculate the remainder when 2492 is divided by 11.
6
What is the remainder when 1059 is divided by 119?
107
Calculate the remainder when 335 is divided by 172.
163
What is the remainder when 54 is divided by 18?
0
What is the remainder when 736 is divided by 193?
157
Calculate the remainder when 224 is divided by 71.
11
Calculate the remainder when 344 is divided by 69.
68
Calculate the remainder when 763 is divided by 154.
147
Calculate the remainder when 46 is divided by 7.
4
What is the remainder when 697 is divided by 70?
67
What is the remainder when 134 is divided by 8?
6
Calculate the remainder when 27519 is divided by 80.
79
What is the remainder when 827 is divided by 64?
59
What is the remainder when 347 is divided by 6?
5
Calculate the remainder when 575 is divided by 34.
31
Calculate the remainder when 647 is divided by 94.
83
What is the remainder when 50 is divided by 39?
11
Calculate the remainder when 380 is divided by 103.
71
What is the remainder when 91 is divided by 17?
6
Calculate the remainder when 791 is divided by 32.
23
What is the remainder when 295 is divided by 9?
7
What is the remainder when 358 is divided by 130?
98
What is the remainder when 303 is divided by 74?
7
Calculate the remainder when 448 is divided by 9.
7
What is the remainder when 260 is divided by 248?
12
What is the remainder when 2924 is divided by 45?
44
Calculate the remainder when 153 is divided by 15.
3
Calculate the remainder when 239 is divided by 24.
23
What is the remainder when 177 is divided by 4?
1
Calculate the remainder when 1996 is divided by 125.
121
What is the remainder when 932 is divided by 117?
113
Calculate the remainder when 188 is divided by 126.
62
Calculate the remainder when 52 is divided by 14.
10
Calculate the remainder when 473 is divided by 84.
53
What is the remainder when 305 is divided by 145?
15
Calculate the remainder when 95 is divided by 22.
7
Calculate the remainder when 2988 is divided by 11.
7
What is the remainder when 399 is divided by 68?
59
What is the remainder when 2428 is divided by 272?
252
What is the remainder when 88 is divided by 38?
12
What is the remainder when 2069 is d